l - 35*l. Suppose l = 8*x + 724. What is the units digit of x?
2
Let c be 40/(-15) + 2 + 212/3. Let b be (17 + 1)*(c/21 - -4). What is the hundreds digit of 4 - 1 - (5 - b) - 0?
1
Suppose -13*h + 105 = -10*h. Let a = h + -30. What is the tens digit of 7/(-35) + (151/a - -2)?
3
Let d(p) = -34*p + 303. Let c be d(9). Let m be (-2 - -1) + 77 + 0. Let o = m - c. What is the tens digit of o?
7
Suppose o + 3 = 0, -3*n + 5*o + 26 = 5. Suppose 3*j = -2*q - 11, -19 = -3*j + n*j + 5*q. What is the tens digit of ((-5 - -20) + j)*11?
5
Suppose q + 3*p - 1182 = 0, -9*q - 2*p + 10684 = 2*p. What is the units digit of q?
8
Let m(j) = -2*j**3 - 20*j**2 + 25*j + 28. Let h be m(-11). What is the tens digit of 1 + (h - 14*-71)?
9
Suppose 385*p - 976773 = 144*p. What is the units digit of p?
3
Let z be (4 - 5)/(-5 - -6). What is the units digit of (-22)/(-66) - (z - 1342/6)?
5
Suppose 0 = -3*t + 2*p + 404, 16*t - 548 = 12*t - 2*p. Suppose 0 = t*d - 128*d - 7352. What is the hundreds digit of d?
9
Suppose -8*g + g = 0. Suppose 18*p - 127 - 701 = g. What is the tens digit of p?
4
Let f = 260 - 256. Suppose -u - f*z + 241 = 0, -4*z = z. What is the hundreds digit of u?
2
Suppose 365 - 12989 = -48*r. What is the units digit of r?
3
Let f(l) = l**3 + 9*l**2 - 4*l - 24. Let o be f(-9). Suppose -425 = o*i - 3977. What is the tens digit of i?
9
Suppose 5*s - 8 = -2*m + 7, 2*s - 7 = -m. Suppose -3*p = s - 10. Suppose 4*h = p*b + 51, 5*h = 7*b - 3*b + 63. What is the units digit of h?
5
Let x = 48001 - 25642. What is the hundreds digit of x?
3
Suppose -2*a = a - 5*l + 5, 4*a - 4*l - 4 = 0. Suppose -5*x + 933 = v, a*x - 3*x + 2*v = 370. Let f = x + -93. What is the units digit of f?
4
Suppose -5*y - 5944 = 3*c - 21673, -4*y = -3*c + 15756. What is the hundreds digit of c?
2
Let q = 53539 - 26009. What is the thousands digit of q?
7
Let u(b) = -b + 4. Let z(l) = -l - 8. Let y be z(-4). Let c be u(y). What is the units digit of (-789)/(-12) + -1 + 10/c?
6
Let p(n) = n**3 + 2*n**2 + n - 1. Let d(u) = -3*u**3 - 5*u**2 - 2*u + 976. Let g(h) = d(h) + 2*p(h). What is the hundreds digit of g(0)?
9
Let t be 1/3 + (-2)/6. Suppose 4*k + o + 14 = t, 0 = 4*k - 3*o + 8 + 14. What is the tens digit of k*(0/(-2) + 232/(-16))?
5
Let x be (-113)/(-3 + (-1 - -5)). Let l = 757 + x. What is the hundreds digit of l?
6
Suppose -m + 3*m + 5*b = -5667, -b = -4*m - 11279. What is the hundreds digit of (m/39)/(4/(-12))?
2
What is the tens digit of 27 - 16 - 13600/(-20)?
9
Let z(t) = 19*t - 3. Let v(n) = 13*n - 2. Let a(l) = -7*v(l) + 5*z(l). Let k = -4 - -8. What is the units digit of a(k)?
5
Let t be -10 + (-41)/(-4) - (-4422)/8. Let p = 1013 - t. What is the units digit of p?
0
What is the ten thousands digit of 6/42 - 920298/(-42)?
2
Let d(u) = 83*u**2 - 12*u + 6. What is the tens digit of d(13)?
7
Suppose 2*q + 8 = 0, -3*q + 764 = 4*x + q. Let w = x - 46. What is the tens digit of w?
4
Suppose -15*z + 107 = -13. Let m(p) = p**3 - 8*p**2 + 6*p - 1. What is the units digit of m(z)?
7
Suppose 1717716 = -22*m - 35*m + 288*m. What is the tens digit of m?
3
Let x = 17692 - -20311. What is the tens digit of x?
0
Let y(j) = 6*j**3 + 34*j**2 + 3*j - 11. What is the thousands digit of y(8)?
5
Let i = 22938 + -40618. What is the thousands digit of (i/15)/8*(-24)/2?
1
Let g(i) = -i**2 - 29*i + 14. Let f be (34/6)/(11/66*-2). What is the units digit of g(f)?
8
Suppose -13*g - 14*g + 26433 = 0. Let t = -533 + g. What is the tens digit of t?
4
Suppose 0 = -28*f + 30*f + 54. Let w = 29 + f. Suppose -73 = t - w*t + 2*d, -2*d = 4*t - 262. What is the tens digit of t?
6
Let b(t) = -421*t - 1016. What is the thousands digit of b(-10)?
3
Let j be 1*2/(-12) - 38/(-228). Suppose -5*a - 886 + 3681 = j. What is the hundreds digit of a?
5
Let t(x) = -x**2 + 7*x + 33. Let h be t(10). Suppose -m - h*g + 766 = -4*g, g - 776 = -m. What is the tens digit of m?
7
Let j(z) = z**3 + 13*z**2 - 2. Let d be j(-13). Let h be -131 - (d + 5 - 4). Let k = h + 238. What is the tens digit of k?
0
What is the hundreds digit of 10/(-8)*-628*(-1020)/(-75)?
6
Suppose 4*z = -5*y + 332, -3*y + 9 = -2*z + 175. Let p = 506 - z. What is the hundreds digit of p?
4
Suppose 74 = 6*f + 44. Suppose 2*q - 50 = -3*z + 409, f*z - 4*q = 743. What is the hundreds digit of z?
1
Let c(z) = 4745*z**2 + 309*z - 624. What is the units digit of c(2)?
4
Suppose 0 = 3*p - 521 - 1783. Suppose -4*b + 2*b + p = 2*x, -4*b = -x - 1541. What is the tens digit of b?
8
Let w = 9722 - -2713. What is the thousands digit of w?
2
Suppose 16*u - 10*u = -24. Let b(k) = 3*k**2 - 8*k - 29. Let w be b(u). Suppose 2*j - 5*y = 298, 5*j + y + w = 823. What is the tens digit of j?
5
Let f(p) = -6*p**2 - 4*p - 5. Let u be f(-2). Let c = 31 + u. Suppose 354 = -7*r + c*r. What is the tens digit of r?
1
What is the units digit of (22 + -1 + 3)*1264963/798?
4
Suppose 10 = -3*i - 3*g - 2, -12 = -5*i + 3*g. Let r be (-2)/2 + 53 + -10. Suppose i = 8*p - 11*p + r. What is the tens digit of p?
1
Let o(w) = 2483*w**2 + 20*w - 1. What is the thousands digit of o(-2)?
9
Suppose 2*c = -p + 16, 3*p - 24 = -5*c + 27. Suppose -p*y + 1939 = -2241. What is the tens digit of y?
9
Let i = 2193 - 1670. What is the units digit of i?
3
Let n be 1*29 + (-7)/(70/10). Suppose -3*y - z - 86 = -7*y, -y - 3*z = -n. What is the units digit of y?
2
Let q = -2987 - -1968. Let o = q + 2159. What is the units digit of o?
0
Let n = 375 + -382. What is the hundreds digit of (3052/(-7))/(2/n - 0)?
5
Let v(o) = 354*o**2 + 61*o + 117. What is the tens digit of v(-8)?
8
What is the tens digit of 8768101/380 - (726/(-120) + 6)?
7
Suppose 21*l = 14*l - 868. Suppose -18*j + 19*j = -21. Let d = j - l. What is the tens digit of d?
0
Suppose 2*z + 149 = 141. What is the tens digit of 73935/372 - 5/z?
0
Let f(a) = 2*a**3 - 12*a**2 + 108*a - 4020. What is the ten thousands digit of f(31)?
4
Let r(a) = 2*a - 1. Let v be r(-2). Let w be -4*2*v*96/15. Suppose 2*t - 196 = -4*m, 2*t - m = w - 50. What is the hundreds digit of t?
1
Suppose 2*f = 3*q - f - 21807, 4*q + f = 29106. What is the tens digit of q?
7
Let d(z) = -z**3 + 39*z**2 - 21*z + 57. What is the units digit of d(33)?
8
Let t(j) = 164*j**2 + 8*j - 26. What is the units digit of t(9)?
0
Suppose -11*m - 14*m - 180681 = -727356. What is the ten thousands digit of m?
2
Suppose 3*p = 3*k - 70567 - 86090, -5*p + 104473 = 2*k. What is the units digit of k?
4
Let d(u) = -1626*u**3. Let s be d(1). Let g = 2369 + s. What is the tens digit of g?
4
Let c be (-1 + 1)/(4 + -2). Suppose 630 = 7*n - c*n. Let g = n - -13. What is the tens digit of g?
0
Let i(m) = m**3 - 2*m**2 + 2*m - 5. Let v be i(-3). What is the units digit of 7/(v/6) + 39402/24?
1
Suppose -622*a = -606*a - 51952. What is the thousands digit of a?
3
Let p = 55738 - 34488. What is the tens digit of p?
5
Let g(a) = a**2 - 3*a - 12. Let y be g(-3). Suppose y*k - 2982 + 552 = 0. What is the hundreds digit of k?
4
Let o(r) = -13*r + 6 + 12 + 4 + 0 + 10*r**2. What is the units digit of o(11)?
9
Suppose -8*z + 12 = -4*z. Suppose -2*b + 78 = 5*x - z*x, 4*x = b + 141. What is the tens digit of (-3)/(-12) + 1575/x?
4
Suppose 3*r + w + 38 = 0, -4*r - 2*w - 64 = r. Suppose -4*z - m + 342 = -110, -z + 5*m + 92 = 0. Let v = r + z. What is the tens digit of v?
0
Let s(k) = -2*k**2 + 8*k + 1. Let x be s(5). Let u be 145/(-15) - 2/6. What is the units digit of ((-12)/u)/(x/(-510))?
8
Suppose 15*m = 4*p + 10*m - 92327, -5*p + 16*m + 115360 = 0. What is the hundreds digit of p?
0
Let j(a) = a**3 - 30*a**2 + 31*a - 53. Let b be j(29). Suppose -b*v + 5 + 70 = 0. What is the tens digit of (55 + 1)*(17 - v)?
1
Suppose 18*x = 133332 + 21504. What is the thousands digit of x?
8
Let o(s) = 5*s + 2 + 2*s + 1. Let c = 30 - 27. What is the tens digit of o(c)?
2
Suppose -26337 - 34948 = -7*t. What is the tens digit of t?
5
Suppose -5*y + 2590 + 15790 = 3*w, -12290 = -2*w + 4*y. What is the thousands digit of w?
6
Let q(t) = -3738*t + 1451. What is the ten thousands digit of q(-6)?
2
What is the units digit of 10/(-6) - (424327/(-69) - -4)?
4
Let k be 3 - (0/3 - 0). Suppose z + s - k*s - 103 = 0, -20 = -4*s. What is the tens digit of z?
1
Let b be ((-48)/(-28))/(1/((-98)/(-21))). Suppose 2139 = b*m - 4645. What is the hundreds digit of m?
8
Suppose